et p(m) = m**3 - 15*m**2 - 38*m + 229. Calculate the remainder when p(18) is divided by 87.
82
Suppose -2*i + 4*i = -92. Let z = -32 - i. Suppose 3*p - m - 29 = 0, -2*m + 6*m + 53 = 5*p. Calculate the remainder when z is divided by p.
5
Suppose 35 = -g + 8*g. Let m(r) = -r**3 + r**2. Let v be m(0). Suppose -i + 3 = -v. What is the remainder when g is divided by i?
2
Suppose 3*o + 21 = v, 0 = -2*v + o - 69 + 96. Calculate the remainder when 239 is divided by v.
11
Let o(c) = -c**2 + 22*c - 117. What is the remainder when 7 is divided by o(12)?
1
Suppose -3*m = -1 - 17. Suppose 175 - 25 = m*z. Suppose -k + 2*k = 7. What is the remainder when z is divided by k?
4
Let f(i) = 67*i**2 + 2*i - 1. Let j be f(1). Suppose 5*n + 13 = j. Calculate the remainder when 21 is divided by n.
10
Let x = 122 - 291. Calculate the remainder when 1/(-6) + x/(-6) is divided by 17.
11
Let u be 216/60 + (-2)/(-5). Suppose 6*a = 5*a - 5, -40 = 5*y + u*a. Calculate the remainder when 27 is divided by y/30 - 1589/(-105).
12
Let h = -25 - 6. Let g = 44 + h. Let y = -476 + 500. What is the remainder when y is divided by g?
11
Suppose 4*c = 15 - 7. Suppose -c = -3*d + 64. Let x = 16 - 8. What is the remainder when d is divided by x?
6
Let h(v) = v**3 - 5*v**2 + 3*v + 18. Calculate the remainder when 93 is divided by h(5).
27
Let q = -496 - -535. Calculate the remainder when 121 is divided by q.
4
Let x(b) = 2*b**2 + 3*b + 11. Let s(m) = -m + 18. Let g be s(13). What is the remainder when x(g) is divided by 28?
20
Suppose -g + 28 = -2*g. Let s = -13 - g. What is the remainder when ((-72)/(-7))/(3/21) is divided by s?
12
Let b(m) = -7*m - 1. What is the remainder when -12 - (-13)/1 - -50 is divided by b(-2)?
12
Suppose -5*l + l + 3*s + 229 = 0, 5*l = -s + 291. Calculate the remainder when 92 is divided by l.
34
Let f = 0 - -46. Let j(a) = -2*a + 51. Let y be j(-7). Suppose y + 15 = 5*z. Calculate the remainder when f is divided by z.
14
Suppose 6*z = -0*z. Suppose z = 3*a - 81 + 18. Calculate the remainder when 60 is divided by a.
18
Suppose 3*i + 3*u = 180, u = -5*i + 8*i - 192. What is the remainder when i is divided by 22?
19
Suppose -5*i + 223 + 7 = 0. Suppose g - 87 + 75 = 0. Calculate the remainder when i is divided by g.
10
Suppose 5*v = 88*v - 17762. What is the remainder when v is divided by 20?
14
Let y(f) = 2*f**2 - 11*f + 90. What is the remainder when 286 is divided by y(6)?
94
Suppose 2*d - 59 + 7 = 0. Calculate the remainder when 101 is divided by d.
23
Suppose 10*u = 5*u - 165. Let h be 77/u + (-4)/6. What is the remainder when 47 is divided by 10 + (h - -5) + 0?
11
What is the remainder when 55 is divided by (-15*1)/((-48)/32)?
5
Let a(t) = t**2 + 14*t + 8. What is the remainder when 55 is divided by a(-14)?
7
Let u be (-5)/(15/(-9)) - -27. Let v = -20 + u. Let g(f) = f**2 - 5*f + 4. Calculate the remainder when v is divided by g(5).
2
Let r(o) be the first derivative of 17*o**3/3 + o**2/2 + 5. Calculate the remainder when 47 is divided by r(-1).
15
What is the remainder when 28 is divided by (3 + -6)*1*33/(-9)?
6
Let m(i) = -i**2 + 14*i + 17. Let w = 25 + -19. Calculate the remainder when m(14) is divided by w.
5
Let k(j) = -2*j**2 + 29*j - 1. Calculate the remainder when k(14) is divided by (-8)/(-5)*(1 + 4).
5
Suppose -4*k - 35 = -4*i + 1097, 3*k - 1153 = -4*i. What is the remainder when i is divided by 32?
30
Suppose -4*t + 78 = 2*t. Let y = 20 + t. Calculate the remainder when y is divided by 13.
7
Let m = -61 - -96. Let t = m + -22. What is the remainder when t is divided by 5?
3
Let k = -176 - -210. What is the remainder when k is divided by 19?
15
Let f = -143 - -252. Calculate the remainder when 548 is divided by f.
3
Suppose 3*d + 2*d = 45. Suppose -830 = -d*c - 83. What is the remainder when c is divided by 29?
25
Let i(a) = 4*a**2 - 5*a + 1. Calculate the remainder when i(4) is divided by 16.
13
Let z(n) = n**3 + 18*n**2 - 16*n + 60. Calculate the remainder when 25 is divided by z(-19).
1
Suppose 5*b = -25, 28*b - 27*b = 4*r - 1853. What is the remainder when r is divided by 16?
14
Let d(h) = -6*h + 10. Let i(l) = -2*l. Let v(f) = d(f) - 4*i(f). What is the remainder when v(9) is divided by (4*(-4)/(-1))/1?
12
Let i = -61 + 169. Let t(n) = n**3 - 49*n**2 + 139*n - 18. Calculate the remainder when i is divided by t(46).
24
Suppose -c = -4*k - 1 - 6, -4*c = 5*k - 70. Suppose -2*w = 4 - 22. What is the remainder when c is divided by w?
6
Suppose 6*r = -72 + 474. Let s = 141 - 121. Calculate the remainder when r is divided by s.
7
Suppose 4*m - 20 = 9*m. What is the remainder when 21 is divided by 1/(-10)*m + (-53)/(-5)?
10
Let s(g) = -g**2 - 34*g - 85. Suppose 0*r = 4*r - 164. What is the remainder when s(-17) is divided by r?
40
Let j(r) = -r**3 - 7*r**2 + r + 16. Let d = 17 + -11. What is the remainder when j(-7) is divided by d?
3
Let w = 484 - 424. Calculate the remainder when w is divided by 16.
12
Let c be (5/2)/((-1)/(-42)). Suppose 3*a = 4*s - 793, -328 = -4*s - 5*a + 441. Let o = s - c. Calculate the remainder when o is divided by 23.
22
Suppose 5*l = 5*h - 10, -h + l = 2*h. Let t(j) = -j + 4. Let w be t(3). Calculate the remainder when 38 is divided by h/(2/(-28)*w).
10
Let d = 69 - 43. Let q = d + -19. What is the remainder when 25 is divided by q?
4
Let t(d) = 4*d + 45. What is the remainder when t(16) is divided by 39?
31
Let a = -2 - -2. Suppose a + 12 = u. Let v = -3083 + 3128. Calculate the remainder when v is divided by u.
9
Let f(o) = -26*o + 52. What is the remainder when f(-3) is divided by 33?
31
Let g(v) = -5*v - 9. Let p be g(-7). Suppose -2*z + p = -4. Suppose -7 - z = -2*c. Calculate the remainder when c is divided by 6.
5
Let j(q) = 4*q - 68. Suppose 477 = 2*n + n. What is the remainder when n is divided by j(25)?
31
Let a be 1884/20 + 5/(-25). Let x = a - 72. Calculate the remainder when 76 is divided by x.
10
Suppose -67*r + 54*r = -754. Calculate the remainder when r is divided by 31.
27
Let x(k) = -14*k**2 + 62*k - 7. Calculate the remainder when 576 is divided by x(4).
15
Let p = 123 + -68. Calculate the remainder when p is divided by 87/(-27) + 3 + (-1315)/(-45).
26
Let d(j) = -j**3 - 28*j**2 - 3*j - 37. Calculate the remainder when d(-28) is divided by 30.
17
Let s(b) = -b**3 + b**2 + 4. Let o be s(0). Suppose -2*q = -5*q - 2*u + 40, -o = 4*u. Calculate the remainder when 24 is divided by q.
10
What is the remainder when 156 is divided by ((-2)/16 - 316/32)*-4?
36
Let s = 77 + -42. Let x = 36 - 46. Calculate the remainder when -52*3/((-15)/x*-1) is divided by s.
34
Let v be 12/3*-4*-137. Suppose 3*x + x = -v. What is the remainder when (x/(-6))/((-16)/(-24)) is divided by 35?
32
Suppose 0 = c - 5*g - 22, 2*c + 3*g + 5 = -3. Calculate the remainder when 6 is divided by c.
0
Let f(w) = -w**3 + 8*w**2 - 8*w + 10. Let a be f(7). Calculate the remainder when (21/9)/(a*(-3)/(-27)) is divided by 3.
1
Let a = -21 + 24. Suppose 0*z + a*z + 4*f - 10 = 0, 0 = -f - 2. What is the remainder when z is divided by 4?
2
Let m = 27 + -9. Suppose -2*a = -m - 42. Suppose -d = 5, -d - 80 = 2*b - 249. What is the remainder when b is divided by a?
27
Let r = -17 + 22. Suppose 2*x + r*d - 21 = 0, 4*x + 6*d - d = 57. Let l = -41 - -48. Calculate the remainder when x is divided by l.
4
Let b(q) = -4*q + 74. Let j be b(11). Suppose 2*r + 0*r = j. What is the remainder when 52 is divided by r?
7
Let g = -167 + 214. Suppose 2*r = -4, 0 = -q + 2*r + 4 + 6. What is the remainder when g is divided by q?
5
Let a(d) = -2*d**3 - 9*d**2 + 6. Let y(k) = k**3 + 4*k**2 - 11*k. Let p be y(-6). What is the remainder when a(p) is divided by 13?
10
What is the remainder when -3 + 83/2 - (-6)/12 is divided by 9?
3
Let l = 8 + -6. Suppose 0 = 3*q + 5*h + 12, 0 = -h + 35 - 38. Calculate the remainder when l is divided by q.
0
Let u = 2 - 0. Suppose 3*r - 49 = -5*z, -u*z + 0*r + 30 = -4*r. Suppose 0 = 5*d - 6*g + g, -5*g = d - 24. Calculate the remainder when z is divided by d.
3
Suppose -8 = -2*v - 0. Calculate the remainder when 43 is divided by -4 + (11 + v - -4).
13
Let a = 1007 + -722. Calculate the remainder when a is divided by 13.
12
Let v(x) = 5*x**2 + 5*x. Let m be 2 - (-4 - (3 + -11)). What is the remainder when (-374)/(-10) + 8/(-20) is divided by 